 be the first derivative of 41*w**3/3 + 11*w**2/2 - 20*w + 8. Let h be i(8). Suppose 0 = -5*j - 5*m + h - 587, 1259 = 3*j + m. Is j prime?
True
Let x = -144 - -149. Let k = x + 14. Is k a composite number?
False
Suppose -4*t - 17*m = -20*m - 98509, 0 = 5*t - m - 123150. Is t composite?
False
Let b be 6/((-9)/2 + 3). Is (-7)/28 - 1229/b a prime number?
True
Let c(t) = 2*t - 28. Let l be c(16). Suppose l*d + 239 = j, -j + 5*j = -2*d + 1010. Is j composite?
False
Let m = -16899 - -29272. Is m prime?
True
Suppose 0*u - 8 = -2*u. Is 209 + (u - (2 - 2)) composite?
True
Let c = 2593 + -942. Is c composite?
True
Suppose -c - 3 = 0, 3*w + 7*c - 3*c + 21 = 0. Let b be w*1 - (2 - 5). Suppose -3*o + 5*o - 94 = -3*i, 3*i + 12 = b. Is o composite?
False
Let i = -7299 - -15152. Is i a composite number?
False
Suppose 0 = -4*k - 11*v + 15*v + 22020, 11038 = 2*k + 5*v. Is k composite?
True
Suppose 8*k = 22*k - 576254. Is k composite?
False
Suppose 3*z + 2*z - 10 = 0. Suppose 0 = -y - z*y + 453. Is 2*(-1 + y/2) a prime number?
True
Suppose 351*f - 354*f = -4*y - 16083, -y = 2*f - 10711. Is f composite?
True
Is (24 - 23)*(1 + 0) + 11137 a composite number?
True
Is (-4158)/(-12) + (-4)/(-8) a prime number?
True
Let h = -31 + 39. Let t be (0 + -4)/(6 - h). Suppose 2*i = -4*p - t*i + 280, 5*p - 352 = -3*i. Is p a composite number?
False
Suppose 6*t + t = 28. Let h be (4/(-1) + 5)*t. Is h + 0/(-2) + 303 a prime number?
True
Suppose -5*n = -5*k - 2775, 0 = 5*n - 0*n - 5. Let g = 777 - k. Suppose 0 = -5*l + 1479 + g. Is l composite?
True
Let w = 566 - 306. Suppose -10*q + 6550 = w. Is q a prime number?
False
Is (3 - (1 - -3))/(1/(-4981)) a composite number?
True
Suppose 18*q + 121278 = 343452. Is q a composite number?
False
Suppose -r + 5*o + 69344 = 0, -78728 = -2*r - 2*o + 60020. Is 1/10 + r/10 prime?
False
Let x(m) = 449*m - 54. Is x(7) prime?
True
Is -1*30/(-25) - (-32609)/5 composite?
True
Suppose -4*b - 46991 = -4*m - 16875, -2*m + 15054 = -4*b. Is m a composite number?
True
Let z = 842 - -27. Is z composite?
True
Let c(z) = -3*z + 4*z - 1 + 0*z. Let r be c(5). Suppose -l = -3*j + r*j - 55, -2*l + 167 = 3*j. Is j composite?
True
Let y be (162/63)/((-1)/(-7)). Let k = -14 + y. Suppose 5*s + u = 3*s + 336, 0 = -2*s - k*u + 342. Is s a composite number?
False
Let g = -50100 - -101849. Is g a composite number?
False
Suppose 5*p - 5611 = 3949. Suppose -6*l + p = -2*l. Is l a composite number?
True
Suppose -4*u - 8 = -0. Let x be u*(2 - (-36)/(-8)). Suppose x*p + t = 188, 0 = -0*t + 3*t - 9. Is p a prime number?
True
Suppose -12419 = -416*o + 415*o. Is o prime?
False
Let i = 14 + -12. Suppose -i*l - 3*r = -3*l + 9, 3*l = -2*r + 5. Suppose l*y - 47 = -6*a + 2*a, 5*a = 3*y - 83. Is y composite?
True
Let i(l) = 1044*l**2 - 36*l + 119. Is i(3) a composite number?
True
Let w = -19 + 55. Suppose 0 = -2*l - w + 3664. Is l a prime number?
False
Suppose -5*b - 8*b + 219180 = 0. Suppose 6*f = -6*f + b. Is f prime?
False
Let w(s) = 398*s - 15. Let h be w(4). Let k = -820 + h. Is k a prime number?
True
Let l(d) = d**3 + 6*d**2 + 4*d - 1. Let n be l(-5). Suppose -n*h + 20144 = 4*h. Is h prime?
False
Suppose -2*w - 360 = -1564. Suppose 3*d - 614 = -2*n, 4*n + d - w - 626 = 0. Is n a prime number?
True
Suppose -2*o - 63960 = -6*o - 2*u, -4*o - 5*u = -63966. Is o composite?
True
Suppose -l - 88 = l. Suppose 3*d + 387 = -0*i - 2*i, -5*i + 2*d = 1015. Let p = l - i. Is p a prime number?
True
Let d be (-2 - 6)/2*-1. Let t(f) be the second derivative of f**5/20 - f**4/12 - 2*f**3/3 - f**2/2 - f + 8. Is t(d) a composite number?
False
Let s(m) = 2*m**2 + 9*m + 65. Is s(19) prime?
False
Let s(i) = 5*i + i**3 + 3 + 0*i + 16*i**2 - 12. Is s(-10) prime?
True
Let i(q) = 13*q. Let w(d) = 25*d + 1. Let p(j) = -5*i(j) + 2*w(j). Is p(-8) composite?
True
Is 10 - 35/7 - -228 a prime number?
True
Is 2/(6*7/40383) a composite number?
True
Suppose 7*q = 10*q - 24. Suppose i + q = -0. Is -4*(-6)/i*-5 a composite number?
True
Let b be -3 + 4 + -3 + 7. Suppose 8*t = b*t + 921. Is t a composite number?
False
Suppose 5*i + 20 = 0, -3*y + 2*i + 46987 = i. Is y composite?
False
Let j = -9 - 5. Is (91/j)/((-2)/20) prime?
False
Let y(v) = -v**3 + v**2 + 1. Let b(a) = -3*a**3 - 14*a**2 - 5*a + 29. Let n(p) = -b(p) + 2*y(p). Is n(-7) prime?
True
Suppose -2*t + 4*t - 3382 = r, -5*r = -t + 1709. Suppose -2*s + 4*n + 3382 = 0, -s + 6*n = 2*n - t. Is s prime?
True
Let y = -898 - -3795. Is y prime?
True
Is (24/(-15) + 2)/(20/27050) composite?
False
Let k(x) = 248*x**2 - 1. Let y be ((-2)/6)/((-6)/(-126)). Let v(w) = w**3 + 8*w**2 + 8*w + 6. Let i be v(y). Is k(i) prime?
False
Let p be 22 + 2/4*-6. Suppose 2*l - 3 = p. Suppose -3*a + 154 = -l. Is a composite?
True
Suppose -19*f = -20*f + 28907. Is f prime?
False
Let n(c) = -2*c**3 + 7*c**2 - 6*c - 6. Is n(-5) a composite number?
False
Let m = -9153 + 17300. Is m prime?
True
Let l = -15 + 18. Suppose -190 = -7*b - l*b. Is b a composite number?
False
Let u(d) = -1410*d + 61. Is u(-5) composite?
True
Let k = 256 - 62. Let m = -111 + k. Is m a composite number?
False
Suppose -315*a + 52484 = -311*a. Is a a prime number?
True
Let y(l) = -2*l**3 - 10*l**2 - 14*l + 5. Is y(-6) a prime number?
False
Let k(l) be the second derivative of 5*l**6/72 + l**5/30 + l**4/6 + 2*l**3/3 + 5*l. Let j(q) be the second derivative of k(q). Is j(-3) a composite number?
True
Is ((-5)/(-10))/((-3)/(-36222)) a prime number?
True
Let q = -6 - -6. Suppose c + q*c = 1477. Is c a composite number?
True
Let k be (-122*5/10)/(2/(-46)). Suppose 4191 = 3*s + 3*o, -s + 6*o - 4*o + k = 0. Is s composite?
False
Let i be (14/(-4) - -3)*2. Is i - (-1)/(5/430) a composite number?
True
Let g = 14 + -10. Let q(y) = -2 + 0 + 9*y**2 + 0 - 1 - 2*y. Is q(g) composite?
True
Let p(i) = -9*i + 2. Let w be p(-8). Let s = 118 + w. Suppose s = 5*u - 203. Is u a composite number?
False
Is 1/(-3) + (-5)/(60/(-43696)) a prime number?
False
Let o(x) = x + 5 + 5*x - 2 + 0. Let t be o(-2). Let v = t + 42. Is v a prime number?
False
Let i(g) = 6*g**2 - 4*g + 49. Is i(-10) a composite number?
True
Suppose 0 = 4*z - 4*i - 44, 5*z + 14 = -i + 39. Suppose 3019 = z*c - 5*c. Is c a composite number?
False
Suppose -22*a - 2084 = -26*a. Is a a prime number?
True
Suppose -2*r + 357 = 83. Let y = r - -5. Is y composite?
True
Suppose 32729 = 3*u + 2*a, 1790 = -u + 5*a + 12694. Is u prime?
True
Let g be (0 + -1)*(-1 + 2). Let c(w) = 84*w - 1. Let i(l) = -250*l + 3. Let n(k) = -7*c(k) - 2*i(k). Is n(g) a prime number?
True
Suppose 2*g - g = 0. Suppose 310 = 5*x - 4*f, 2*x + g*f = -3*f + 101. Is x a prime number?
False
Is ((-1)/2)/((-15)/368670) a prime number?
True
Let q = -177 + 179. Let v be (0 - -2215)/(2/2). Suppose q*w = 7*w - v. Is w prime?
True
Let n(x) = x**2 + 8*x + 2. Let j be n(-8). Suppose j*u = -c + 601 - 120, -4*u = -4. Is c prime?
True
Let m(k) be the third derivative of 47*k**5/60 - k**4/8 - k**3/6 - 14*k**2. Is m(4) a prime number?
True
Suppose i - 32*i + 127286 = 0. Is i composite?
True
Let y(v) = 390*v**2 - 6*v - 5. Let s be y(-3). Suppose 340 = -3*l + s. Is l composite?
False
Suppose 7*y + 5*g - 7035 = 2*y, 3*y - 2*g = 4231. Is y composite?
False
Let z(r) = -r - 5. Let x be z(-6). Suppose 2*y - 3 = x. Is ((-35)/(-28))/(y/24) prime?
False
Let m = 779 + -3175. Let q be 1*m*(-18)/9. Is (-2)/4 + q/16 composite?
True
Suppose 393910 = -f + 23*f. Is f prime?
False
Suppose -33 = 5*t - 8. Let h(d) = -13*d - 7*d + 12 + 6*d. Is h(t) prime?
False
Let a = -5554 - -45393. Is a composite?
False
Let w(l) = l. Let f(n) = -43*n - 5. Let d(m) = -f(m) + 3*w(m). Let s be ((-50)/15)/(6/(-9)). Is d(s) a prime number?
False
Suppose -2*q + q + 1021 = 3*m, m + 4032 = 4*q. Is q prime?
True
Let t(a) = a + 4. Let d be t(-2). Suppose d*m + 19 = 23. Suppose s = m*s - 521. Is s composite?
False
Suppose -17*k - 100 = -7*k. Is (-9414)/k + (-6)/15 composite?
False
Let t be -2 - 4*20/(-8). Suppose t = -2*n + 3*n. Let w(z) = z**2 + 13. Is w(n) composite?
True
Let l = -7 + 1. Let r be (-15)/(-2)*(-20)/l. Suppose -f = 4*n - 1417, -4*f - 5 = -r. Is n composite?
False
Let n be (-115)/(-35) - (-4)/(-14). Suppose -4*v + 109 = n*l, -5*l + 175 = -0*l + 5*v. Let r = -17 + l. Is r composite?
True
Suppose -c = -3*c + 5*l + 18, -8 = 4*l. Suppose -c*b = 42 + 38. Is (b